+ 474. Let m = -110 - u. Calculate the remainder when m is divided by 25.
22
Let w be (-20)/(-6)*3/2. Let l = w + -2. Suppose l*z = -5*d + 92 + 6, -6 = -d - 4*z. What is the remainder when 65 is divided by d?
21
Suppose -3*a + 30 = 2*a - 4*o, -2*a + 3*o = -12. Suppose -3*f + a*f = 87. Calculate the remainder when f is divided by 16.
13
Let q(c) = -2*c**2 + 4*c. Let j be q(3). Let r = j + 19. Calculate the remainder when r is divided by 8.
5
Suppose 4*o + 4 = 2*t, 0*t + 3*o = -t + 12. Suppose -3*m - 12*s + 9*s = -24, 3*m - 31 = 4*s. Calculate the remainder when m is divided by t.
3
Calculate the remainder when 67 is divided by ((-3)/9 + (-260)/(-15))/1.
16
Let x(v) = -15*v - 3. Let y be x(-3). Let l(f) = f**2 - 4*f + 3. Let g be l(4). Suppose -6*p + y = -g*p. What is the remainder when p is divided by 5?
4
Calculate the remainder when -1*117/3*-1 is divided by 21.
18
Calculate the remainder when 7 is divided by (1 + 3)*(2/(-2))/(-1).
3
Let b(l) = l**2 + 3*l - 12. Let c = 43 + -28. Calculate the remainder when b(-9) is divided by c.
12
What is the remainder when -6*102/(-9)*8/16 is divided by 12?
10
Calculate the remainder when (-238)/(-15) + (-24)/(-180) is divided by 4.
0
Suppose -g - 2*m = 1, g + m = -0*m - 6. Let z = 14 + g. Calculate the remainder when z is divided by (-9)/6*(-8)/6.
1
Let y be 8/12 - (-403)/3. Suppose -4*w + y = w. What is the remainder when w is divided by 7?
6
Let b = 88 - 56. Suppose -6*t + 32 = -2*t. Suppose w - t = 3. Calculate the remainder when b is divided by w.
10
Suppose -a + 5*m - 5 = 3*m, -3*m = -4*a - 5. Let d be (a/(-1) - -3)*2. Suppose -q + l = -3*l + 5, 16 = d*q - 4*l. What is the remainder when 13 is divided by q?
6
Let p(t) = -t**2 + 10*t + 12. Let q = 13 + -9. What is the remainder when ((-2)/q)/(2/(-188)) is divided by p(10)?
11
Suppose 0 = -7*b + 3*b + 40. Let u = b - 4. What is the remainder when 22 is divided by u?
4
Suppose 50 = 3*q - 2*a, -2*q - 64 = -6*q + 2*a. Let w = 122 - 55. What is the remainder when w is divided by q?
11
Suppose -1 = 2*r - 5. Suppose 0 = o - r*l + 2, 4*l - 32 = -4*o - o. Suppose -o = k, 0*q + 32 = q - 2*k. What is the remainder when q is divided by 9?
6
Let y(p) = 3*p - 2. Let z be y(10). Let b = z + 9. What is the remainder when b is divided by 10?
7
Suppose -7*z + 113 = -265. Let x(p) = -p**3 + p**2 + 2. Calculate the remainder when z is divided by x(-2).
12
Let c be (-3)/6 + 258/4. Let q = -36 + c. What is the remainder when q is divided by 2/(-4) - 168/(-16)?
8
Let b(n) = -6*n**2 + 2 - 2*n + 6*n**3 + 6*n**2 + 0. Calculate the remainder when b(2) is divided by 24.
22
Let c(q) = 40*q + 1. Let s be c(1). Let r = s - 16. What is the remainder when r is divided by 9?
7
Let f(y) = 3*y - 2*y + y**3 + 13 + 0*y**3. Suppose 0 = 5*b + 10, -80 = -4*z - 3*b + 10. What is the remainder when z is divided by f(0)?
11
Let g(k) = -16*k + 28. What is the remainder when g(-12) is divided by 37?
35
Let p(h) = 8*h**2 - 1 - 4 + h**3 - 5 + 2*h. What is the remainder when p(-7) is divided by 13?
12
Calculate the remainder when 42 is divided by 4/(-10) + (-329)/(-35).
6
Let n(i) = i + 1. Let v be n(1). Suppose 2*t = 26 - v. Suppose -49 = -4*b + 39. Calculate the remainder when b is divided by t.
10
Let r(f) = -3*f**3 + 4*f**3 + 1 + 3 - 5*f**2 + 0*f**2. What is the remainder when 11 is divided by r(5)?
3
Let i = 22 + 49. What is the remainder when i is divided by 15?
11
Let m = -26 + 39. Let q = -28 + 53. Calculate the remainder when q is divided by m.
12
Let w be 5/(3/12*-2). Let z(u) = 14*u - 2. Let r be z(-4). What is the remainder when 15 is divided by r/w - (-4)/20?
3
Let l(z) = 12*z - 1. Let x(h) = 3*h**3 - 2*h**2 - 3*h + 2. Calculate the remainder when l(2) is divided by x(2).
11
Suppose z + 4 - 6 = 0. Let a = -2 + z. Suppose a = c - 3*t + 12, -c = -6*c + 2*t + 5. Calculate the remainder when 4 is divided by c.
1
Let n = -1 + 4. Suppose -4*o + 0 + 4 = 0. Suppose -o = -3*h - b + 14, b = -4*h + 20. Calculate the remainder when h is divided by n.
2
Let u(c) = 3*c**2 - 4*c + 4. Let d = -11 + 11. Suppose d = 5*r + 10, 5*g - 4*g - r = 12. Calculate the remainder when u(3) is divided by g.
9
What is the remainder when -1 + 4 + ((-88)/(-1))/2 is divided by 10?
7
Let d be (-4610)/(-35) - (-2)/7. Suppose 4*t - d = -32. Suppose 15 = 3*j - 12. What is the remainder when t is divided by j?
7
Suppose -u + 6 = 2. Suppose 0*y + 4*y + u*w - 36 = 0, 40 = 4*y + 3*w. What is the remainder when 49 is divided by y?
10
Suppose -5*s + 61 = -s - c, 27 = 3*s + 3*c. Calculate the remainder when 54 is divided by s.
12
Suppose 0 = 4*n - 24 - 16. What is the remainder when 17 is divided by n?
7
Suppose 0 = -24*t + 29*t - 140. Calculate the remainder when 55 is divided by t.
27
Let i be (-1)/(-6) + (-102)/(-36). Suppose 0 = -i*g + 9 + 12. What is the remainder when 25 is divided by g?
4
Let g = 64 - 43. What is the remainder when 104 is divided by g?
20
Let w(j) = -j**2 + 2*j - 5. Let v be w(4). Let n be 1/(-6) - v/6. Let k = 7 + n. Calculate the remainder when 16 is divided by k.
7
Let g(i) = 7*i - 1. Let u be g(6). Calculate the remainder when 38 is divided by (-1)/(u/(-20) + 2).
18
Let n(m) = 29*m**2 + m. Let q be n(-1). Let p = q - 0. Let o(i) = i + 3. What is the remainder when p is divided by o(7)?
8
What is the remainder when ((-165)/6)/5*(-4 - -2) is divided by 3?
2
Calculate the remainder when 3/(-36)*-2 + (-1006)/(-12) is divided by 29.
26
Let n(t) = 2*t + 4. Calculate the remainder when n(8) is divided by 7.
6
Suppose -14 - 4 = 3*y. Let p be 3*(-2)/y*3. Suppose -3*i + 24 = -p*m, 4*m + 0*m + 43 = 5*i. What is the remainder when 31 is divided by i?
9
Calculate the remainder when (-346)/(-6) - (-6)/(-9) is divided by 12.
9
Let f = -7 + 54. What is the remainder when f is divided by 8?
7
Let l(q) = 40*q + 1. What is the remainder when l(1) is divided by (70/(-15))/(2/(-9))?
20
Suppose 2*b - 28 = -2*b. Let y be -3*4/(-6) - -13. Suppose -y = x - 6*x. What is the remainder when b is divided by x?
1
Suppose 3*z + 95 = 8*z. What is the remainder when 37 is divided by z?
18
Calculate the remainder when 36 is divided by (39/26)/(74/(-40) + 2).
6
Suppose -w = 2*w, w = -5*v + 75. What is the remainder when 17 is divided by v?
2
Suppose -2*m = 3*p + 11, -12 = 6*m - 3*m. Let b = p + 13. Let l(j) = 7*j**2 - 2*j - 2. Calculate the remainder when l(2) is divided by b.
10
Suppose -y - 4*h = -142, -y - 5*h + 142 = -3*h. Calculate the remainder when y is divided by 16.
14
Suppose 0 = -7*l + 6*l + 4. Suppose -l = -3*o + o. Suppose 0 = -o*q + 15 + 3. What is the remainder when 25 is divided by q?
7
Suppose -5*z + 7*z - 106 = 0. Calculate the remainder when z is divided by 19.
15
Suppose -14*u + 1269 = -5*u. What is the remainder when u is divided by 11?
9
Let t = -15 - -27. Let x(b) = 5*b**2 - 8*b - 7. Let q(z) = z**2. Let w(m) = 6*q(m) - x(m). Calculate the remainder when t is divided by w(-8).
5
Suppose -x + 10 = 4*q - 3*x, -2*q = x + 1. Let l be (-26 - q)/(-4 - -3). Let u = l + -14. What is the remainder when 38 is divided by u?
12
Let o(r) = 8*r**2 - 3*r - 1. Suppose b + c = -4*b + 92, 4*b - 5*c = 91. What is the remainder when o(-2) is divided by b?
18
Suppose j = -0*j. Suppose j*k + 36 = 2*k. Suppose -3*t = 2*n - 11, -2*n + 5 = -0*t + 5*t. What is the remainder when k is divided by n?
8
Suppose 0 = 38*o - 40*o + 66. Calculate the remainder when 98 is divided by o.
32
Let k = -4 + 6. Suppose k*g + g - 81 = 0. What is the remainder when g is divided by 7?
6
Let n(f) = 4*f**2 + 4*f - 3. Let t be n(2). Let a = -5 + t. Let i = 36 - 6. What is the remainder when i is divided by a?
14
Let n(t) be the third derivative of 3*t**4/8 - 2*t**3/3 + 4*t**2. Calculate the remainder when n(3) is divided by 12.
11
Let u(p) = 2*p**3 + 3*p**2 + 2*p + 2. What is the remainder when u(3) is divided by 15?
14
Let u be 15/(3 + 0) - -1. Let r = 28 - u. Suppose -31 = -q + 4*p, 3*q + q + 5*p = 187. What is the remainder when q is divided by r?
21
Let n(q) = -q - 4. Let l be n(-7). Suppose -4*t + 79 = l. Let x = -13 + t. Calculate the remainder when 10 is divided by x.
4
Suppose -5*n + 93 = -4*k, -2*n + 5*k + 44 = -0*n. Calculate the remainder when 48 is divided by n.
14
Calculate the remainder when (-1)/(((-1)/21)/1) is divided by (-10)/15 + -3*(-60)